{"id":11,"date":"2018-03-21T16:57:45","date_gmt":"2018-03-21T16:57:45","guid":{"rendered":"http:\/\/gajlapanow.pl\/?page_id=11"},"modified":"2019-12-30T20:39:23","modified_gmt":"2019-12-30T20:39:23","slug":"sekcja-strony-glownej","status":"publish","type":"page","link":"http:\/\/gajlapanow.pl\/index.php\/sekcja-strony-glownej\/","title":{"rendered":"Domki"},"content":{"rendered":"<h3 style=\"text-align: justify;\"><em><span style=\"color: #003300;\"><span style=\"font-family: comic sans ms,sans-serif;\">Indywidualne domki letniskowe\u00a0 Gaj, otoczone s\u0105 du\u017c\u0105 ilo\u015bci\u0105 bujnej zieleni i wolnej przestrzeni. Krystalicznie czyste powietrze i mgliste poranki w promieniach s\u0142o\u0144ca wprawi\u0105 ka\u017cdego\u00a0 mieszka\u0144ca w \u015bwietny nastr\u00f3j na ca\u0142y dzie\u0144.<\/span> <\/span><\/em><\/h3>\n<p>&nbsp;<\/p>\n<div id=\"metaslider-id-198\" style=\"max-width: 800px;\" class=\"ml-slider-3-29-1 metaslider metaslider-flex metaslider-198 ml-slider\">\n    <div id=\"metaslider_container_198\">\n        <div id=\"metaslider_198\">\n            <ul aria-live=\"polite\" class=\"slides\">\n                <li style=\"display: block; width: 100%;\" class=\"slide-201 ms-image\"><img src=\"http:\/\/gajlapanow.pl\/wp-content\/uploads\/2018\/03\/cropped-1_oczko_1-800x550.jpg\" height=\"550\" width=\"800\" alt=\"\" class=\"slider-198 slide-201\" title=\"cropped-1_oczko_1.jpg\" \/><div class=\"caption-wrap\"><div class=\"caption\">Widok na Gaj<\/div><\/div><\/li>\n                <li style=\"display: none; width: 100%;\" class=\"slide-205 ms-image\"><img src=\"http:\/\/gajlapanow.pl\/wp-content\/uploads\/2018\/03\/rynek01-582x400.jpg\" height=\"550\" width=\"800\" alt=\"\" class=\"slider-198 slide-205\" title=\"rynek01\" \/><div class=\"caption-wrap\"><div class=\"caption\">Rynek \u0141apanowa<\/div><\/div><\/li>\n                <li style=\"display: none; width: 100%;\" class=\"slide-208 ms-image\"><img src=\"http:\/\/gajlapanow.pl\/wp-content\/uploads\/2018\/03\/pic06607_zalew-606x416.jpg\" height=\"550\" width=\"800\" alt=\"\" class=\"slider-198 slide-208\" title=\"PIC06607.JPG\" \/><div class=\"caption-wrap\"><div class=\"caption\">Akwen wodny i zje\u017cd\u017calnia<\/div><\/div><\/li>\n                <li style=\"display: none; width: 100%;\" class=\"slide-279 ms-image\"><img src=\"http:\/\/gajlapanow.pl\/wp-content\/uploads\/2018\/03\/rzeka-612x420.jpg\" height=\"550\" width=\"800\" alt=\"\" class=\"slider-198 slide-279\" title=\"PIC08551.JPG\" \/><div class=\"caption-wrap\"><div class=\"caption\">Most 40m od Gaja<\/div><\/div><\/li>\n                <li style=\"display: none; width: 100%;\" class=\"slide-280 ms-image\"><img src=\"http:\/\/gajlapanow.pl\/wp-content\/uploads\/2018\/03\/korty-480x330.jpg\" height=\"550\" width=\"800\" alt=\"\" class=\"slider-198 slide-280\" title=\"korty\" \/><div class=\"caption-wrap\"><div class=\"caption\">Korty GOSiR przy zalewie <\/div><\/div><\/li>\n                <li style=\"display: none; width: 100%;\" class=\"slide-281 ms-image\"><img src=\"http:\/\/gajlapanow.pl\/wp-content\/uploads\/2018\/03\/altana_fitnes-547x376.jpg\" height=\"550\" width=\"800\" alt=\"\" class=\"slider-198 slide-281\" title=\"altana_fitnes\" \/><div class=\"caption-wrap\"><div class=\"caption\">Fitness w Gaju<\/div><\/div><\/li>\n                <li style=\"display: none; width: 100%;\" class=\"slide-397 ms-image\"><img src=\"http:\/\/gajlapanow.pl\/wp-content\/uploads\/2018\/03\/gril-w-altanie_1-612x420.jpg\" height=\"550\" width=\"800\" alt=\"\" class=\"slider-198 slide-397\" title=\"PIC08541.JPG\" \/><div class=\"caption-wrap\"><div class=\"caption\">Du\u017cy grill<\/div><\/div><\/li>\n                <li style=\"display: none; width: 100%;\" class=\"slide-398 ms-image\"><img src=\"http:\/\/gajlapanow.pl\/wp-content\/uploads\/2019\/05\/altany_1-e1558295590492-800x550.jpg\" height=\"550\" width=\"800\" alt=\"\" class=\"slider-198 slide-398\" title=\"PIC08678.JPG\" \/><div class=\"caption-wrap\"><div class=\"caption\">Widok na Gaj<\/div><\/div><\/li>\n                <li style=\"display: none; width: 100%;\" class=\"slide-417 ms-image\"><img src=\"http:\/\/gajlapanow.pl\/wp-content\/uploads\/2019\/05\/domek_6_7_ok-430x296.jpg\" height=\"550\" width=\"800\" alt=\"\" class=\"slider-198 slide-417\" title=\"domek_6_7_ok\" \/><div class=\"caption-wrap\"><div class=\"caption\">Domek 6 i 7<\/div><\/div><\/li>\n                <li style=\"display: none; width: 100%;\" class=\"slide-493 ms-image\"><img src=\"http:\/\/gajlapanow.pl\/wp-content\/uploads\/2020\/02\/PIC08689-800x550.jpg\" height=\"550\" width=\"800\" alt=\"\" class=\"slider-198 slide-493\" title=\"PIC08689.JPG\" \/><div class=\"caption-wrap\"><div class=\"caption\">Domek 9<\/div><\/div><\/li>\n                <li style=\"display: none; width: 100%;\" class=\"slide-494 ms-image\"><img src=\"http:\/\/gajlapanow.pl\/wp-content\/uploads\/2020\/02\/IMG_20180916_154912-800x550.jpg\" height=\"550\" width=\"800\" alt=\"\" class=\"slider-198 slide-494\" title=\"IMG_20180916_154912\" \/><div class=\"caption-wrap\"><div class=\"caption\">Rabatka w Gaju<\/div><\/div><\/li>\n                <li style=\"display: none; width: 100%;\" class=\"slide-514 ms-image\"><img src=\"http:\/\/gajlapanow.pl\/wp-content\/uploads\/2018\/03\/widok_5-400x275.jpg\" height=\"550\" width=\"800\" alt=\"\" class=\"slider-198 slide-514\" title=\"PIC07522.JPG\" \/><div class=\"caption-wrap\"><div class=\"caption\">Kamie\u0144 diabelski<\/div><\/div><\/li>\n                <li style=\"display: none; width: 100%;\" class=\"slide-515 ms-image\"><img src=\"http:\/\/gajlapanow.pl\/wp-content\/uploads\/2018\/03\/pic06607_zalew-606x416.jpg\" height=\"550\" width=\"800\" alt=\"\" class=\"slider-198 slide-515\" title=\"PIC06607.JPG\" \/><div class=\"caption-wrap\"><div class=\"caption\">Akwen wodny i zje\u017cd\u017calnia<\/div><\/div><\/li>\n                <li style=\"display: none; width: 100%;\" class=\"slide-518 ms-image\"><img src=\"http:\/\/gajlapanow.pl\/wp-content\/uploads\/2020\/02\/pic05272_kapliczka-640x440.jpg\" height=\"550\" width=\"800\" alt=\"\" class=\"slider-198 slide-518\" title=\"pic05272_kapliczka\" \/><div class=\"caption-wrap\"><div class=\"caption\">Jedna z wielu okolicznych kapliczek<\/div><\/div><\/li>\n                <li style=\"display: none; width: 100%;\" class=\"slide-519 ms-image\"><img src=\"http:\/\/gajlapanow.pl\/wp-content\/uploads\/2020\/02\/3-800x550.jpg\" height=\"550\" width=\"800\" alt=\"\" class=\"slider-198 slide-519\" title=\"3\" \/><div class=\"caption-wrap\"><div class=\"caption\">Widok na Gaj<\/div><\/div><\/li>\n                <li style=\"display: none; width: 100%;\" class=\"slide-523 ms-image\"><img src=\"http:\/\/gajlapanow.pl\/wp-content\/uploads\/2020\/02\/IMG_20191015_162550-800x550.jpg\" height=\"550\" width=\"800\" alt=\"\" class=\"slider-198 slide-523\" title=\"IMG_20191015_162550\" \/><div class=\"caption-wrap\"><div class=\"caption\">Spryciarz w go\u015bcinie<\/div><\/div><\/li>\n                <li style=\"display: none; width: 100%;\" class=\"slide-525 ms-image\"><img src=\"http:\/\/gajlapanow.pl\/wp-content\/uploads\/2020\/02\/IMG_20191016_134722-800x550.jpg\" height=\"550\" width=\"800\" alt=\"\" class=\"slider-198 slide-525\" title=\"IMG_20191016_134722\" \/><div class=\"caption-wrap\"><div class=\"caption\">Okaz w Gaju<\/div><\/div><\/li>\n            <\/ul>\n        <\/div>\n        \n    <\/div>\n<\/div>\n<h3 style=\"text-align: justify;\"><em><span style=\"color: #003300; font-family: comic sans ms,sans-serif;\">Mi\u0142o\u015bnik\u00f3w rzek i las\u00f3w z pewno\u015bci\u0105 zainteresuj\u0105 po\u0142o\u017cone w pi\u0119knym zak\u0105tku\u00a0 Pog\u00f3rza Karpackiego, okolice\u00a0 le\u015bne i pag\u00f3rkowe, rzadko spotykana fauna i flora, kt\u00f3ra zachwyca swym urokiem i dostarcza niezapomnianych wra\u017ce\u0144. W bliskiej odleg\u0142o\u015bci od domk\u00f3w Gaj dost\u0119pne s\u0105 \u0142owiska rybne oraz lasy Jarorsz\u00f3wki, Cichawki i Zoni obfituj\u0105ce w bor\u00f3wki, maliny, a przede wszystkim w du\u017ce ilo\u015bci grzyb\u00f3w. Na wypady do las\u00f3w mo\u017cna uda\u0107 si\u0119 rowerami, \u015brednia odleg\u0142o\u015b\u0107 ok 5km.<\/span><\/em><\/h3>\n<p>&nbsp;<\/p>\n<div>                Domki w \u015brodku<\/div><style type=\"text\/css\" scoped>.rbs_gallery_6a09a4fc88460Spinner{\r\n\t\t\t\tmargin: 50px auto;\r\n\t\t\t\twidth: 50px;\r\n\t\t\t\theight: 40px;\r\n\t\t\t\ttext-align: center;\r\n\t\t\t\tfont-size: 10px;\r\n\t\t\t}\r\n\t\t\t.rbs_gallery_6a09a4fc88460Spinner > div{\r\n\t\t\t  background-color: #333;\r\n\t\t\t  height: 100%;\r\n\t\t\t  width: 6px;\r\n\t\t\t  display: inline-block;\r\n\t\t\t  -webkit-animation: rbs_gallery_6a09a4fc88460-stretchdelay 1.2s infinite ease-in-out;\r\n\t\t\t  animation: rbs_gallery_6a09a4fc88460-stretchdelay 1.2s infinite ease-in-out;\r\n\t\t\t}\r\n\t\t\t.rbs_gallery_6a09a4fc88460Spinner .rbs_gallery_6a09a4fc88460Rect2 {\r\n\t\t\t  -webkit-animation-delay: -1.1s;\r\n\t\t\t  animation-delay: -1.1s;\r\n\t\t\t}\r\n\t\t\t.rbs_gallery_6a09a4fc88460Spinner .rbs_gallery_6a09a4fc88460Rect3 {\r\n\t\t\t  -webkit-animation-delay: -1.0s;\r\n\t\t\t  animation-delay: -1.0s;\r\n\t\t\t}\r\n\t\t\t.rbs_gallery_6a09a4fc88460Spinner .rbs_gallery_6a09a4fc88460Rect4 {\r\n\t\t\t  -webkit-animation-delay: -0.9s;\r\n\t\t\t  animation-delay: -0.9s;\r\n\t\t\t}\r\n\t\t\t.rbs_gallery_6a09a4fc88460Spinner .rbs_gallery_6a09a4fc88460Rect5 {\r\n\t\t\t  -webkit-animation-delay: -0.8s;\r\n\t\t\t  animation-delay: -0.8s;\r\n\t\t\t}\r\n\t\t\t@-webkit-keyframes rbs_gallery_6a09a4fc88460-stretchdelay {\r\n\t\t\t  0%, 40%, 100% { -webkit-transform: scaleY(0.4) }  \r\n\t\t\t  20% { -webkit-transform: scaleY(1.0) }\r\n\t\t\t}\r\n\t\t\t@keyframes rbs_gallery_6a09a4fc88460-stretchdelay {\r\n\t\t\t  0%, 40%, 100% { \r\n\t\t\t    transform: scaleY(0.4);\r\n\t\t\t    -webkit-transform: scaleY(0.4);\r\n\t\t\t  }  20% { \r\n\t\t\t    transform: scaleY(1.0);\r\n\t\t\t    -webkit-transform: scaleY(1.0);\r\n\t\t\t  }\r\n\t\t\t}\r\n\t\t<\/style><div class=\"robo-gallery-wrap robo-gallery-wrap-id341 robo-gallery-\" ><div id=\"rbs_gallery_6a09a4fc88460-block-loader\" class=\"rbs_gallery_6a09a4fc88460Spinner\"><div class=\"rbs_gallery_6a09a4fc88460Rect1\"><\/div> <div class=\"rbs_gallery_6a09a4fc88460Rect2\"><\/div> <div class=\"rbs_gallery_6a09a4fc88460Rect3\"><\/div> <div class=\"rbs_gallery_6a09a4fc88460Rect4\"><\/div> <div class=\"rbs_gallery_6a09a4fc88460Rect5\"><\/div><\/div><div class=\"rbs_gallery_button  rbs_gallery_align_left\" id=\"rbs_gallery_6a09a4fc88460filter\" style=\" display: none;\" ><\/div><div id=\"robo_gallery_main_block_rbs_gallery_6a09a4fc88460\" class=\"robogallery-gallery-341\" style=\"width:100%;  display: none;\"><div id=\"rbs_gallery_6a09a4fc88460\" data-options=\"rbs_gallery_6a09a4fc88460\" style=\"width:100%;\" class=\"robo_gallery  \"><div class=\"rbs-img  category341 \" ><div class=\"rbs-img-image   rbs-lightbox \" ><div class=\"rbs-img-thumbs\"  data-thumbnail=\"http:\/\/gajlapanow.pl\/wp-content\/uploads\/2018\/03\/img_6277_pokoj_1-300x228.jpg\"  title=\"img_6277_pokoj_1\"  data-width=\"249\"  data-height=\"127\" ><\/div><div class=\"rbs-img-data-popup\"  data-popup=\"http:\/\/gajlapanow.pl\/wp-content\/uploads\/2018\/03\/img_6277_pokoj_1.jpg\"  title=\"Domek 2 w \u015brodku\" ><\/div><div class=\"thumbnail-overlay\"><div class=\"rbsIcons\"><i class=\"fa fa-search-plus rbsZoomIcon \" ><\/i><\/div><\/div><\/div><\/div><div class=\"rbs-img  category341 \" ><div class=\"rbs-img-image   rbs-lightbox \" ><div class=\"rbs-img-thumbs\"  data-thumbnail=\"http:\/\/gajlapanow.pl\/wp-content\/uploads\/2018\/03\/poddasze_2-300x228.jpg\"  title=\"PIC08648.JPG\"  data-width=\"249\"  data-height=\"127\" ><\/div><div class=\"rbs-img-data-popup\"  data-popup=\"http:\/\/gajlapanow.pl\/wp-content\/uploads\/2018\/03\/poddasze_2.jpg\"  title=\"Poddasze\" ><\/div><div class=\"thumbnail-overlay\"><div class=\"rbsIcons\"><i class=\"fa fa-search-plus rbsZoomIcon \" ><\/i><\/div><\/div><\/div><\/div><div class=\"rbs-img  category341 \" ><div class=\"rbs-img-image   rbs-lightbox \" ><div class=\"rbs-img-thumbs\"  data-thumbnail=\"http:\/\/gajlapanow.pl\/wp-content\/uploads\/2018\/03\/pokj_1-300x230.jpg\"  title=\"pokj_1\"  data-width=\"249\"  data-height=\"127\" ><\/div><div class=\"rbs-img-data-popup\"  data-popup=\"http:\/\/gajlapanow.pl\/wp-content\/uploads\/2018\/03\/pokj_1.jpg\"  title=\"Domek 4 w \u015brodku\" ><\/div><div class=\"thumbnail-overlay\"><div class=\"rbsIcons\"><i class=\"fa fa-search-plus rbsZoomIcon \" ><\/i><\/div><\/div><\/div><\/div><div class=\"rbs-img  category341 \" ><div class=\"rbs-img-image   rbs-lightbox \" ><div class=\"rbs-img-thumbs\"  data-thumbnail=\"http:\/\/gajlapanow.pl\/wp-content\/uploads\/2018\/03\/pic06668_6_przed_syp-300x231.jpg\"  title=\"PIC06668.JPG\"  data-width=\"249\"  data-height=\"127\" ><\/div><div class=\"rbs-img-data-popup\"  data-popup=\"http:\/\/gajlapanow.pl\/wp-content\/uploads\/2018\/03\/pic06668_6_przed_syp.jpg\"  title=\"Domek 5\" ><\/div><div class=\"thumbnail-overlay\"><div class=\"rbsIcons\"><i class=\"fa fa-search-plus rbsZoomIcon \" ><\/i><\/div><\/div><\/div><\/div><div class=\"rbs-img  category341 \" ><div class=\"rbs-img-image   rbs-lightbox \" ><div class=\"rbs-img-thumbs\"  data-thumbnail=\"http:\/\/gajlapanow.pl\/wp-content\/uploads\/2018\/03\/pic06667_6_syp-300x231.jpg\"  title=\"PIC06667.JPG\"  data-width=\"249\"  data-height=\"127\" ><\/div><div class=\"rbs-img-data-popup\"  data-popup=\"http:\/\/gajlapanow.pl\/wp-content\/uploads\/2018\/03\/pic06667_6_syp.jpg\"  title=\"Domek 5 w \u015brodku\" ><\/div><div class=\"thumbnail-overlay\"><div class=\"rbsIcons\"><i class=\"fa fa-search-plus rbsZoomIcon \" ><\/i><\/div><\/div><\/div><\/div><div class=\"rbs-img  category341 \" ><div class=\"rbs-img-image   rbs-lightbox \" ><div class=\"rbs-img-thumbs\"  data-thumbnail=\"http:\/\/gajlapanow.pl\/wp-content\/uploads\/2018\/03\/pic06658_6_syp_stolik-300x231.jpg\"  title=\"PIC06658.JPG\"  data-width=\"249\"  data-height=\"127\" ><\/div><div class=\"rbs-img-data-popup\"  data-popup=\"http:\/\/gajlapanow.pl\/wp-content\/uploads\/2018\/03\/pic06658_6_syp_stolik.jpg\"  title=\"\" ><\/div><div class=\"thumbnail-overlay\"><div class=\"rbsIcons\"><i class=\"fa fa-search-plus rbsZoomIcon \" ><\/i><\/div><\/div><\/div><\/div><\/div><\/div><\/div><script>var rbs_gallery_6a09a4fc88460 = {\"version\":\"3.2.14\",\"id\":341,\"class\":\"id341\",\"roboGalleryDelay\":1000,\"mainContainer\":\"#robo_gallery_main_block_rbs_gallery_6a09a4fc88460\",\"loadingContainer\":\"#rbs_gallery_6a09a4fc88460-block-loader\",\"loadingContainerObj\":\"rbs_gallery_6a09a4fc88460-block-loader\",\"columnWidth\":\"auto\",\"columns\":3,\"resolutions\":[{\"columnWidth\":\"auto\",\"columns\":3,\"maxWidth\":960},{\"columnWidth\":\"auto\",\"columns\":2,\"maxWidth\":650},{\"columnWidth\":\"auto\",\"columns\":1,\"maxWidth\":450}],\"deepLinking\":1,\"lightboxOptions\":{\"gallery\":{\"enabled\":true,\"tCounter\":\"%curr% of %total%\"},\"image\":{\"verticalFit\":true},\"mainClass\":\"my-mfp-slide-bottom mfp-img-mobile\"},\"borderSize\":3,\"overlayEffect\":\"direction-aware-fade\",\"boxesToLoadStart\":12,\"boxesToLoad\":8,\"waitUntilThumbLoads\":1,\"LoadingWord\":\"Loading...\",\"loadMoreWord\":\"Load More\",\"noMoreEntriesWord\":\"No More Entries\",\"horizontalSpaceBetweenBoxes\":15,\"verticalSpaceBetweenBoxes\":15,\"lazyLoad\":1,\"wrapContainer\":\"#robo-gallery-wrap-rbs_gallery_6a09a4fc88460\",\"filterContainer\":\"#rbs_gallery_6a09a4fc88460filter\",\"loadMoreClass\":\"button-border-caution \"};<\/script><div>                <\/div>\n","protected":false},"excerpt":{"rendered":"<p>Indywidualne domki letniskowe\u00a0 Gaj, otoczone s\u0105 du\u017c\u0105 ilo\u015bci\u0105 bujnej zieleni i wolnej przestrzeni. Krystalicznie czyste powietrze i mgliste poranki w promieniach s\u0142o\u0144ca wprawi\u0105 ka\u017cdego\u00a0 mieszka\u0144ca w \u015bwietny nastr\u00f3j na ca\u0142y dzie\u0144. &nbsp; Mi\u0142o\u015bnik\u00f3w rzek i las\u00f3w z pewno\u015bci\u0105 zainteresuj\u0105 po\u0142o\u017cone w pi\u0119knym zak\u0105tku\u00a0 Pog\u00f3rza Karpackiego, okolice\u00a0 le\u015bne i pag\u00f3rkowe, rzadko spotykana fauna i flora, kt\u00f3ra &hellip; <\/p>\n<p class=\"link-more\"><a href=\"http:\/\/gajlapanow.pl\/index.php\/sekcja-strony-glownej\/\" class=\"more-link\">Czytaj dalej<span class=\"screen-reader-text\"> Domki<\/span><\/a><\/p>\n","protected":false},"author":1,"featured_media":392,"parent":0,"menu_order":0,"comment_status":"closed","ping_status":"closed","template":"","meta":[],"_links":{"self":[{"href":"http:\/\/gajlapanow.pl\/index.php\/wp-json\/wp\/v2\/pages\/11"}],"collection":[{"href":"http:\/\/gajlapanow.pl\/index.php\/wp-json\/wp\/v2\/pages"}],"about":[{"href":"http:\/\/gajlapanow.pl\/index.php\/wp-json\/wp\/v2\/types\/page"}],"author":[{"embeddable":true,"href":"http:\/\/gajlapanow.pl\/index.php\/wp-json\/wp\/v2\/users\/1"}],"replies":[{"embeddable":true,"href":"http:\/\/gajlapanow.pl\/index.php\/wp-json\/wp\/v2\/comments?post=11"}],"version-history":[{"count":10,"href":"http:\/\/gajlapanow.pl\/index.php\/wp-json\/wp\/v2\/pages\/11\/revisions"}],"predecessor-version":[{"id":465,"href":"http:\/\/gajlapanow.pl\/index.php\/wp-json\/wp\/v2\/pages\/11\/revisions\/465"}],"wp:featuredmedia":[{"embeddable":true,"href":"http:\/\/gajlapanow.pl\/index.php\/wp-json\/wp\/v2\/media\/392"}],"wp:attachment":[{"href":"http:\/\/gajlapanow.pl\/index.php\/wp-json\/wp\/v2\/media?parent=11"}],"curies":[{"name":"wp","href":"https:\/\/api.w.org\/{rel}","templated":true}]}}