{"id":247,"date":"2018-03-27T08:17:05","date_gmt":"2018-03-27T08:17:05","guid":{"rendered":"http:\/\/gajlapanow.pl\/?page_id=247"},"modified":"2019-12-30T20:58:46","modified_gmt":"2019-12-30T20:58:46","slug":"galeria","status":"publish","type":"page","link":"http:\/\/gajlapanow.pl\/index.php\/galeria\/","title":{"rendered":"Galeria"},"content":{"rendered":"<h3 style=\"text-align: justify;\"><span style=\"font-family: comic sans ms,sans-serif;\"><em><span style=\"color: #003300;\">Domki letniskowe\u00a0 Gaj, to\u00a0 zesp\u00f3\u0142 dziewi\u0119ciu indywidualnych sezonowych obiekt\u00f3w mieszkalnych, wyposa\u017conych w podstawowe zaplecze socjalne. Dost\u0119pne domki r\u00f3\u017cni\u0105 si\u0119 wielko\u015bci\u0105. Mniejsze posiadaj\u0105 wyposa\u017cenie dla pi\u0119ciu os\u00f3b, wi\u0119ksze dla sze\u015bciu os\u00f3b.\u00a0 <\/span><\/em><\/span><\/h3>\n<h3 style=\"text-align: justify;\"><span style=\"font-family: comic sans ms,sans-serif;\"><em><span style=\"color: #003300;\">Przed ka\u017cdym domkiem znajduje si\u0119 ogr\u00f3dek z kamiennym grillem, stolikiem i \u0142awkami piwnymi. Przed deszczem i gor\u0105cym s\u0142o\u0144cem chroni zadaszenie.<\/span><\/em><\/span><\/h3>\n<p>&nbsp;<\/p>\n<div id=\"metaslider-id-252\" style=\"max-width: 800px;\" class=\"ml-slider-3-29-1 metaslider metaslider-flex metaslider-252 ml-slider\">\n    <div id=\"metaslider_container_252\">\n        <div id=\"metaslider_252\">\n            <ul aria-live=\"polite\" class=\"slides\">\n                <li style=\"display: block; width: 100%;\" class=\"slide-550 ms-image\"><img src=\"http:\/\/gajlapanow.pl\/wp-content\/uploads\/2020\/07\/7_kuchnia-329x288.jpg\" height=\"700\" width=\"800\" alt=\"\" class=\"slider-252 slide-550\" title=\"7_kuchnia\" \/><div class=\"caption-wrap\"><div class=\"caption\">Domek 7 kuchnia<\/div><\/div><\/li>\n                <li style=\"display: none; width: 100%;\" class=\"slide-551 ms-image\"><img src=\"http:\/\/gajlapanow.pl\/wp-content\/uploads\/2020\/07\/7_\u0142azienka-288x252.jpg\" height=\"700\" width=\"800\" alt=\"\" class=\"slider-252 slide-551\" title=\"7_\u0142azienka\" \/><div class=\"caption-wrap\"><div class=\"caption\">Domek 7 \u0142azienka<\/div><\/div><\/li>\n                <li style=\"display: none; width: 100%;\" class=\"slide-265 ms-image\"><img src=\"http:\/\/gajlapanow.pl\/wp-content\/uploads\/2018\/03\/img_6277_pokoj_1-512x448.jpg\" height=\"700\" width=\"800\" alt=\"\" class=\"slider-252 slide-265\" title=\"img_6277_pokoj_1\" \/><div class=\"caption-wrap\"><div class=\"caption\">Domek 2 w \u015brodku<\/div><\/div><\/li>\n                <li style=\"display: none; width: 100%;\" class=\"slide-270 ms-image\"><img src=\"http:\/\/gajlapanow.pl\/wp-content\/uploads\/2020\/02\/pic06664_6_kuch-360x315.jpg\" height=\"700\" width=\"800\" alt=\"\" class=\"slider-252 slide-270\" title=\"PIC06664.JPG\" \/><div class=\"caption-wrap\"><div class=\"caption\">Aneks kuchenny<\/div><\/div><\/li>\n                <li style=\"display: none; width: 100%;\" class=\"slide-266 ms-image\"><img src=\"http:\/\/gajlapanow.pl\/wp-content\/uploads\/2018\/03\/img_6308_pokj_2-512x448.jpg\" height=\"700\" width=\"800\" alt=\"\" class=\"slider-252 slide-266\" title=\"img_6308_pokj_2\" \/><div class=\"caption-wrap\"><div class=\"caption\">Domek 3 w \u015brodku<\/div><\/div><\/li>\n                <li style=\"display: none; width: 100%;\" class=\"slide-560 ms-image\"><img src=\"http:\/\/gajlapanow.pl\/wp-content\/uploads\/2020\/07\/Domek-5-pok\u00f3j-288x252.jpg\" height=\"700\" width=\"800\" alt=\"\" class=\"slider-252 slide-560\" title=\"Domek 5 pok\u00f3j\" \/><div class=\"caption-wrap\"><div class=\"caption\">Domek 5 pok\u00f3j<\/div><\/div><\/li>\n                <li style=\"display: none; width: 100%;\" class=\"slide-552 ms-image\"><img src=\"http:\/\/gajlapanow.pl\/wp-content\/uploads\/2020\/07\/5_\u0142azienka-329x288.jpg\" height=\"700\" width=\"800\" alt=\"\" class=\"slider-252 slide-552\" title=\"5_\u0142azienka\" \/><div class=\"caption-wrap\"><div class=\"caption\">Domek 5 \u0142azienka<\/div><\/div><\/li>\n                <li style=\"display: none; width: 100%;\" class=\"slide-273 ms-image\"><img src=\"http:\/\/gajlapanow.pl\/wp-content\/uploads\/2018\/03\/pokj_1-530x464.jpg\" height=\"700\" width=\"800\" alt=\"\" class=\"slider-252 slide-273\" title=\"pokj_1\" \/><div class=\"caption-wrap\"><div class=\"caption\">Domek 4 w \u015brodku<\/div><\/div><\/li>\n                <li style=\"display: none; width: 100%;\" class=\"slide-274 ms-image\"><img src=\"http:\/\/gajlapanow.pl\/wp-content\/uploads\/2018\/03\/poddasze_2-491x430.jpg\" height=\"700\" width=\"800\" alt=\"\" class=\"slider-252 slide-274\" title=\"PIC08648.JPG\" \/><div class=\"caption-wrap\"><div class=\"caption\">Poddasze<\/div><\/div><\/li>\n                <li style=\"display: none; width: 100%;\" class=\"slide-520 ms-image\"><img src=\"http:\/\/gajlapanow.pl\/wp-content\/uploads\/2020\/02\/lazienka1-469x411.jpg\" height=\"700\" width=\"800\" alt=\"\" class=\"slider-252 slide-520\" title=\"PIC07562.JPG\" \/><div class=\"caption-wrap\"><div class=\"caption\">\u0141azienka<\/div><\/div><\/li>\n                <li style=\"display: none; width: 100%;\" class=\"slide-561 ms-image\"><img src=\"http:\/\/gajlapanow.pl\/wp-content\/uploads\/2020\/07\/Do0mek-5-przedpok\u00f3j-288x252.jpg\" height=\"700\" width=\"800\" alt=\"\" class=\"slider-252 slide-561\" title=\"Do0mek 5 przedpok\u00f3j\" \/><div class=\"caption-wrap\"><div class=\"caption\">Do0mek 5 przedpok\u00f3j<\/div><\/div><\/li>\n            <\/ul>\n        <\/div>\n        \n    <\/div>\n<\/div>\n<h3 style=\"text-align: justify;\"><span style=\"font-family: comic sans ms,sans-serif;\"><em><span style=\"color: #003300;\">Ka\u017cda sypialnia na parterze domku wyposa\u017cona jest w trzy \u0142\u00f3\u017cka, st\u00f3\u0142, krzes\u0142a, rega\u0142 a\u017curowy i lampk\u0119 nocn\u0105. Na poddaszu znajduj\u0105 si\u0119 dwa lub trzy \u0142\u00f3\u017cka i stolik.\u00a0 \u0141\u00f3\u017cka posiadaj\u0105 materace. <\/span><\/em><\/span><\/h3>\n<h3 style=\"text-align: justify;\"><span style=\"font-family: comic sans ms,sans-serif;\"><em><span style=\"color: #003300;\"><span style=\"color: #008080;\">Przykrycia i po\u015bciel w gestii najemcy.<\/span><br \/>\n<\/span><\/em><\/span><\/h3>\n<h3 style=\"text-align: justify;\"><span style=\"font-family: comic sans ms,sans-serif;\"><em><span style=\"color: #003300;\">Ka\u017cdy domek wyposa\u017cony jest w podr\u0119czn\u0105 kuchni\u0119, w kt\u00f3rej mo\u017cna sporz\u0105dza\u0107 posi\u0142ki. Na wyposa\u017ceniu jest kuchenka, ch\u0142odziarka, zlewozmywak, podstawowe naczynia i talerze, (sztu\u0107ce nale\u017cy zabra\u0107 ze sob\u0105).<\/span><\/em><\/span><\/h3>\n<h3 style=\"text-align: justify;\"><span style=\"font-family: comic sans ms,sans-serif; color: #008080;\"><em>Czysto\u015b\u0107 w dzier\u017cawionym domku zapewnia najemca we w\u0142asnym zakresie.<\/em><\/span><\/h3>\n","protected":false},"excerpt":{"rendered":"<p>Domki letniskowe\u00a0 Gaj, to\u00a0 zesp\u00f3\u0142 dziewi\u0119ciu indywidualnych sezonowych obiekt\u00f3w mieszkalnych, wyposa\u017conych w podstawowe zaplecze socjalne. Dost\u0119pne domki r\u00f3\u017cni\u0105 si\u0119 wielko\u015bci\u0105. Mniejsze posiadaj\u0105 wyposa\u017cenie dla pi\u0119ciu os\u00f3b, wi\u0119ksze dla sze\u015bciu os\u00f3b.\u00a0 Przed ka\u017cdym domkiem znajduje si\u0119 ogr\u00f3dek z kamiennym grillem, stolikiem i \u0142awkami piwnymi. Przed deszczem i gor\u0105cym s\u0142o\u0144cem chroni zadaszenie. &nbsp; Ka\u017cda sypialnia na parterze &hellip; <\/p>\n<p class=\"link-more\"><a href=\"http:\/\/gajlapanow.pl\/index.php\/galeria\/\" class=\"more-link\">Czytaj dalej<span class=\"screen-reader-text\"> Galeria<\/span><\/a><\/p>\n","protected":false},"author":1,"featured_media":299,"parent":0,"menu_order":0,"comment_status":"closed","ping_status":"closed","template":"","meta":[],"_links":{"self":[{"href":"http:\/\/gajlapanow.pl\/index.php\/wp-json\/wp\/v2\/pages\/247"}],"collection":[{"href":"http:\/\/gajlapanow.pl\/index.php\/wp-json\/wp\/v2\/pages"}],"about":[{"href":"http:\/\/gajlapanow.pl\/index.php\/wp-json\/wp\/v2\/types\/page"}],"author":[{"embeddable":true,"href":"http:\/\/gajlapanow.pl\/index.php\/wp-json\/wp\/v2\/users\/1"}],"replies":[{"embeddable":true,"href":"http:\/\/gajlapanow.pl\/index.php\/wp-json\/wp\/v2\/comments?post=247"}],"version-history":[{"count":15,"href":"http:\/\/gajlapanow.pl\/index.php\/wp-json\/wp\/v2\/pages\/247\/revisions"}],"predecessor-version":[{"id":471,"href":"http:\/\/gajlapanow.pl\/index.php\/wp-json\/wp\/v2\/pages\/247\/revisions\/471"}],"wp:featuredmedia":[{"embeddable":true,"href":"http:\/\/gajlapanow.pl\/index.php\/wp-json\/wp\/v2\/media\/299"}],"wp:attachment":[{"href":"http:\/\/gajlapanow.pl\/index.php\/wp-json\/wp\/v2\/media?parent=247"}],"curies":[{"name":"wp","href":"https:\/\/api.w.org\/{rel}","templated":true}]}}